-8) - (-30)/(-4). Let l be b(j). Is 42*l*6/(-12) composite?
True
Suppose 6*u = 22*u - 11744. Is u a prime number?
False
Let q(d) = -d**3 - 9*d**2 - 9*d - 10. Let z be q(-7). Let c = 84 + z. Is c composite?
True
Suppose -3*s - s + 1688 = 0. Suppose u + u = s. Is u a composite number?
False
Let l = 11 - 8. Suppose 0 = 5*h - 5*g - 2530, 5*h - l*g - 1828 = 708. Is h a prime number?
True
Let s(p) = -211*p. Let j = 12 - 13. Is s(j) a prime number?
True
Let h(a) = a**2 - 7*a - 5. Let l be h(8). Suppose 3320 = 4*b + 4*z, -l*b = -b + z - 1665. Is b a composite number?
True
Suppose -4*u + 7*u - 6 = 0. Suppose -u*s = -161 - 509. Is s prime?
False
Suppose 3*c - l - 275 = 0, -l + 4*l + 457 = 5*c. Suppose -4*r + 0*r - 2*v + c = 0, -3*r + 3*v + 51 = 0. Is r a composite number?
True
Suppose -2*o = q - 52, 2*q - 104 = 5*o + 27. Is q composite?
True
Let l = -27 - -50. Is l a prime number?
True
Suppose -4*c + 3844 = -d + 293, 2652 = 3*c + 3*d. Is c a composite number?
False
Let g be 1/(-1) + (-3 - 4). Is (-740)/g*(1 - -1) prime?
False
Is (2/(-4))/(2/(-76)) composite?
False
Suppose -n + 1257 - 350 = 0. Is n composite?
False
Let s = -57 - -403. Is s a prime number?
False
Let k = 2397 + -916. Is k a composite number?
False
Let i be (-6)/(-4) - 28/(-8). Suppose i*t - 143 = 4*t. Is t composite?
True
Let t = -47 + 80. Is t + 16/12*3 prime?
True
Suppose -2*s + 3*q = -6, -6*s + 2*s = -3*q - 18. Suppose c = -5*b + 29, 4*c + s - 22 = 0. Suppose -4*m + b*m - 10 = 0. Is m a composite number?
True
Let p = -1 - -6. Suppose -p*l + 536 - 201 = 0. Is l a composite number?
False
Let q(v) = -408*v**3 - 2*v**2 + 1. Is q(-1) a prime number?
False
Let v(b) = -3*b + 9. Is v(-4) a composite number?
True
Let t = 0 - -2. Suppose 5 + 11 = 3*r - 5*p, p = -t. Suppose -22 = -3*b + r*b. Is b composite?
True
Let f = 26 + -24. Is (f + 1)*(-466)/(-6) a composite number?
False
Let x be 2/4*-1*-4. Suppose 5*p = 20, x*o - 190 = -p + 2*p. Is o composite?
False
Is (-2)/(-10) + (-1988)/(-10) prime?
True
Suppose -3276 = -3*a - 5*v, 3*a - 1102 = 2*a - 5*v. Is a a composite number?
False
Suppose -3*p - 2*a - 2 = 0, 3*p - 3*a + 2*a + 17 = 0. Let z(f) be the first derivative of -f**2/2 + 5*f + 3. Is z(p) composite?
True
Suppose -5*l + 23 = -4*p, -5*p = -2*l - 3*l + 25. Suppose 0*v - 669 = -l*v. Is v a prime number?
True
Let k(n) = 18*n**3 - 3*n**2 + 2. Let v be k(2). Suppose -442 = -4*d - v. Is d a composite number?
True
Suppose 5*p - w - 214 = 0, -2*p - w + 216 = 3*p. Let y = 63 - p. Is y/(-2 - -4*1) a composite number?
True
Is (-2)/3*(-9066)/4 prime?
True
Suppose -10 = -2*h + 8. Suppose h*y + 4 = 4*y - 3*v, 4*v = 2*y - 14. Is (-1 - -22) + (y - 3) a composite number?
False
Suppose -2*z = t + 2*t + 127, 0 = -t + 2*z - 53. Let y = t - -92. Is y a prime number?
True
Let y(w) = 192*w**3 - 2*w**2 + 3*w - 2. Is y(1) a prime number?
True
Let w = -69 + 99. Let v = -52 + w. Let p = v + 37. Is p composite?
True
Suppose -u = -12*u + 49291. Is u composite?
False
Let u = -6 + 11. Let d = u + -6. Is (d - -1)/1 - -35 a composite number?
True
Let k(d) = -d**2 + 24*d - 18. Is k(19) a prime number?
False
Let m(c) = -c + 9. Let h be m(4). Suppose -24 = -b - u, -h*u = -b - 10 + 4. Is b composite?
False
Let t = 1238 - 745. Suppose 0 = 4*d - t - 15. Is d a prime number?
True
Let x be (1 - 7)*5/(-30). Is 33/1 - (1 - x) composite?
True
Let w(r) be the third derivative of -r**6/120 - 7*r**5/60 - 11*r**4/24 - 4*r**3/3 + 2*r**2. Is w(-7) a prime number?
False
Suppose s + 2*s - 12 = h, 3 = -3*s - 4*h. Suppose s*f - f = 130. Is f a composite number?
True
Let a(o) = o**2 + 5*o - 11. Let b be a(-10). Let c = 19 - b. Is 5/c + (-61)/(-4) a composite number?
True
Let i = -3 + 8. Suppose -f + 32 = i*g, -f + 6*f - 20 = 3*g. Suppose -2*b - f = -0*c - c, 4*c - 46 = 2*b. Is c composite?
False
Let t be 2 + (4 + -1)/(-1). Is 157/(0 - 0 - t) composite?
False
Is 2/(-10) + 93/10*4 a prime number?
True
Suppose v - 5*u - 33 = 0, -v = 3*v + 2*u - 44. Suppose -2*n + v = -9. Is n composite?
False
Let x(k) = -29*k - 5. Is x(-6) a composite number?
True
Suppose -2*s - 54 = 4*w, -2*s - 12 = 2*w + 34. Let u = s + 32. Is u composite?
False
Is 4*(1167/12 + 1 + -3) a composite number?
True
Suppose -3*s = h - 2192, -4*h + 2*s + 8996 = 242. Is h a prime number?
False
Is 0/(2 + 2) + 203 a composite number?
True
Let s(q) = q + 7. Let u be s(-7). Let l = 40 - -5. Suppose 5*j - 60 - l = u. Is j prime?
False
Let a(n) = n**3 - n**2 + 95. Suppose -2*j + 20 = 4. Let w = j + -8. Is a(w) composite?
True
Let g = -2064 - -3227. Is g prime?
True
Let i(q) = -123*q**3 + 2*q**2 + 3*q + 5. Is i(-2) prime?
True
Let l = -7 - -7. Suppose i - 79 = -l. Is i prime?
True
Suppose -13 - 15 = -4*w. Let d(f) = -6*f + 16. Let b(u) = -4*u + 11. Let p(a) = w*b(a) - 5*d(a). Is p(6) prime?
False
Suppose -6*q = -2*q + 4. Let y be (-11)/2 - q/(-2). Let a(p) = 2*p**2 + 8*p - 5. Is a(y) a composite number?
False
Is (-1)/1*(-306 - 1) prime?
True
Suppose -3*p + 1058 = 4*n, -5*p + 1774 = 3*n + n. Suppose 4*f - p = 646. Is f a composite number?
False
Suppose 5*k = 53 - 163. Let i = 24 + 12. Let q = k + i. Is q a composite number?
True
Suppose 0 = 3*h + 1 - 7. Suppose 3*s = 4*n + 7 - h, 4*n = -s + 7. Suppose s*j = 4*j - 191. Is j a prime number?
True
Suppose 4*h - 6*h = -134. Is h prime?
True
Suppose -4*s + 1324 = -492. Is s a prime number?
False
Let i = -322 - -576. Is i composite?
True
Suppose -484 = -3*m + 527. Is m a prime number?
True
Suppose 3*t - 422 - 136 = -3*b, 965 = 5*t - 2*b. Is t a composite number?
False
Suppose m + 2*q - 758 = 271, -2*q - 3047 = -3*m. Is m prime?
True
Let g be (15/(-25))/(2/(-10)). Suppose -1 + 3 = 2*n - 2*r, -g*n = -5*r - 1. Suppose -n*m - m + 99 = 0. Is m a prime number?
False
Let m be (-1 - -1) + (-9 - -12). Suppose i = -5*r + m*i + 169, -5*r - 2*i = -181. Is r composite?
True
Let d = 10 - 6. Suppose 0*q - 104 = -d*q. Is q composite?
True
Let s(k) = 2*k**2. Let w be 6/(-21) - 10/14. Let p be s(w). Suppose -3*q = p*q - 95. Is q composite?
False
Let t be ((-40)/25)/((-2)/(-80)). Let j = -30 - t. Is j prime?
False
Suppose 0 = 7*n - 5*n - 1370. Is n composite?
True
Let v(g) = 148*g**2 - g + 1. Is v(2) prime?
False
Let r be 30/(-18) + 4/6. Let s = r + 38. Is s a prime number?
True
Suppose -b + 2*s + 147 = 6*s, 306 = 2*b + 4*s. Is b a composite number?
True
Suppose -j - 3*l + 81 = 3*j, -4*l = 2*j - 48. Suppose j = -3*a + 123. Is a composite?
True
Suppose 7 = -z - 0. Let r(g) = -g**2 + 9*g + 7. Let c(h) = h**2. Let x(y) = -2*c(y) - r(y). Is x(z) a composite number?
False
Let h = -328 - -162. Let c = -81 - h. Is c a prime number?
False
Let w(t) = -4*t + 1. Let l be w(-3). Let q = -8 + l. Suppose -q*c = -4*s - 91, 3 = -c + 3*s + 19. Is c prime?
True
Suppose -2*j - 3*j + 19 = -2*p, -2*p = -3*j + 9. Suppose -408 = -5*f + p*k, f + 0*f - 5*k - 64 = 0. Is (33/(-12))/((-3)/f) prime?
False
Let t(n) be the third derivative of -n**6/120 + 2*n**5/15 - 5*n**4/24 - 4*n**3/3 - 8*n**2. Is t(7) a composite number?
True
Let t(w) = w**3 - 7*w**2 - 8*w + 13. Let m be (-4)/10 - (-260)/25. Is t(m) a prime number?
True
Let i = -12 + 32. Suppose 109 = c + i. Is c composite?
False
Let u = -190 + 94. Let g = 275 - u. Is g composite?
True
Is ((-51)/(-12))/(1689/(-564) + 3) a prime number?
False
Let c(u) = 15*u**2 - 14*u - 1. Is c(-6) prime?
False
Suppose 4*m - m = -228. Let w be (-39)/(-1 - (-2 + 0)). Let u = w - m. Is u a prime number?
True
Suppose -9*k = -14*k + 275. Let f(v) = 30*v**2 + 2*v - 1. Let r be f(1). Suppose -r - k = -h. Is h composite?
True
Suppose k - 3*k = -644. Suppose -k = -b - b - l, 0 = b + l - 159. Is b a composite number?
False
Suppose 2*m - m = -114. Let b = -57 - m. Is b a composite number?
True
Suppose -2*u = -8 - 70. Is u a prime number?
False
Suppose 4*g - 23 = -3*l, 4*l + 0*g - 5*g = -21. Let o be ((-1)/(-1) + 15)/l. Let v = o - 1. Is v composite?
True
Suppose -3 = -3*h + 3. Suppose -3*u - 5*w = -216, 3*u + 3*w - 344 = -h*u. Is u a composite number?
False
Let c(l) = l**2 + 136 - 127 + 3*l - 2*l. Suppose 0 = -4*m + 16, -2*q + 4*m = 2*q + 44. Is c(q) prime?
False
Suppose -z - 6 + 3 = 0, 486 = 3*c - 5*z. Is c a composite number?
False
Suppose 0 = g - 7 + 4. Let k(c) be the second derivative of 2*c**3/3 + 3*c**2/2 - 2*c. Is k(g) prime?
False
Let w = 1106 - 760. Is w a compo